50 + 279. Suppose 37 = -4*w + d. What is the highest common divisor of w and 6?
6
Suppose -4*q - 7 = -23. What is the greatest common factor of 3 and q?
1
Suppose 0 = -t + 30 + 8. Suppose d = 3*y - 403, 4*y - 9*y - 4*d + 649 = 0. What is the highest common factor of t and y?
19
Let q be 13/52*32*4. Calculate the highest common factor of q and 48.
16
Let p(x) = -x**2 - 8*x + 2. Let a be p(-5). Suppose -a*b = -8*b - 81. What is the highest common divisor of 45 and b?
9
Let f = 67 + -69. Let o be (f/4*-11 - 0)*30. Let x be (-15)/6*(-7 + 1). What is the highest common factor of x and o?
15
Let v(k) = -13*k**2 + 25*k - 21. Let l(t) = -3*t**2 + 6*t - 5. Let n(u) = -18*l(u) + 4*v(u). Let w be n(6). Calculate the greatest common factor of w and 6.
6
Let p(s) = -s**3 + 13*s**2 + 12*s + 41. Let w be p(14). Calculate the highest common divisor of w and 3029.
13
Let z = 798 + -794. What is the highest common factor of 22 and z?
2
Suppose -2*g - 2*y + 63 = y, -2*g + 61 = 5*y. Suppose -16 = -13*v + 10. Suppose c - 66 = -v*c. Calculate the greatest common divisor of c and g.
11
Suppose -5*s + 295 = 3*r, 0*s - 59 = -s + 5*r. What is the highest common factor of 59 and s?
59
Let k = -593 + 1352. What is the greatest common factor of 11 and k?
11
Suppose -33 = -2*h + 15. Let j(x) = -5*x + 13. Let f be j(2). Calculate the greatest common factor of f and h.
3
Let a = 14 - -6. What is the highest common factor of 1340 and a?
20
Let s = -220 - -353. What is the highest common factor of s and 7?
7
Suppose 0*y + 4*l - 6 = -y, -4*l = 3*y - 42. Calculate the greatest common factor of 63 and y.
9
Suppose -6*v + 5*y = -v - 40, 2*v = -2*y. Let k(a) = a**2 - 26*a - 83. Let x be k(29). Calculate the greatest common factor of x and v.
4
Let u = -1514 - -1571. What is the highest common factor of u and 589?
19
Let f = 26 - 26. Let s be (f - 1)/((-2)/26). Calculate the highest common factor of 39 and s.
13
Let r(l) = -l - 4. Let y be r(-6). Suppose -3*u = -9*u. Let i(a) = a**2 + a + 6. Let h be i(u). What is the highest common divisor of y and h?
2
Let s(g) = g**3 + g**2 + 3. Let y be s(0). Let v = -728 + 730. Calculate the highest common factor of y and v.
1
Let b be (-2304)/14*1239/(-354). Calculate the highest common divisor of b and 18.
18
Let m = 350 - 530. Let v be -4 - m/8 - 2/(-4). Calculate the highest common divisor of v and 209.
19
Suppose 48*q - 522 + 138 = 0. What is the highest common factor of q and 388?
4
Let b = -1 + -34. Let t = b - -40. Calculate the highest common factor of 5 and t.
5
Suppose 9*y + 5 = 4*y. Let j be (y + 3)/(1/11). What is the highest common divisor of j and 88?
22
Let b(o) = -o**3 + 2*o**2 - 2*o - 4. Let a be b(-2). What is the highest common factor of a and 400?
16
Let z(k) = -4*k + 4*k + 2*k + 11. Let w be z(0). Let v be (363/(-9))/((-13)/39). Calculate the greatest common divisor of w and v.
11
Let v be (-12)/(-54) + 248/18. Let d be 28/8*40/v. Let f be (-170)/(-51)*12/d. Calculate the highest common factor of f and 32.
4
Suppose 0 = -12*g + 10*g + 550. Suppose g = -11*q + 16*q. Calculate the greatest common factor of 5 and q.
5
Let w be 183/9 + 2/3. Let m be 4/(1 + 388/(-392)). Let l = m + -245. What is the highest common factor of l and w?
21
Suppose 227 = -5*h + 1437. Let j = -156 + h. Suppose 4*c + 0*b + 2*b - j = 0, 4*c - 5*b - 65 = 0. Calculate the highest common factor of c and 4.
4
Let u be -2 + -1 + 4 - -159. Suppose l - 45 = -h + 38, -2*h + l + u = 0. Calculate the greatest common divisor of 54 and h.
27
Let j be (-8)/(-14)*(-14)/(-4). Suppose -5*w = -5*b + 45, b - j*b = w - 15. Let g be 86 - ((-4)/(-1) + -2). Calculate the greatest common divisor of b and g.
12
Suppose -4*k + 454 - 96 = 2*j, -704 = -4*j - 2*k. Let g = -125 + j. What is the greatest common factor of g and 125?
25
Suppose -18*r - 1 = -7489. Calculate the highest common divisor of 26 and r.
26
Let l(k) = 3*k + 33. Let z be l(4). Let w = 2 + 1. Suppose -a + i = 4*a - 151, w*a - 85 = -5*i. Calculate the greatest common factor of a and z.
15
Let x = -12 - -23. Let p = 30 - x. Calculate the highest common factor of p and 152.
19
Let b = 36 + -31. Let d(r) = -520*r. Let w be d(-1). Suppose f = 3*l + 114, b*f - 2*l - w = 3*l. Calculate the greatest common factor of f and 9.
9
Suppose 0*b + 2*b - 48 = 0. Let d be 9/(-3) - 72/(-3). Let s = 29 - d. Calculate the highest common divisor of s and b.
8
Suppose -f + 6*f = -4*s + 6568, -5*s = -3*f + 3926. Calculate the greatest common factor of 16 and f.
16
Suppose -n = -4*x + 191, -6*n - 188 = -4*x - 2*n. What is the greatest common divisor of 192 and x?
48
Let z be (-6)/(-15) - (-146)/10. Let u be (220/(-154))/(4 - (-116)/(-28)). What is the greatest common factor of z and u?
5
Let w be (-1 + -3)/(2*2/(-8)). Suppose -5*v + 4*p = -v - 12, 3*v = 2*p + w. What is the highest common factor of v and 32?
2
Let a = 5062 + -3362. Calculate the greatest common divisor of a and 20.
20
Let c(k) = k**3 - 5*k**2 - 21*k - 104. Let s be c(11). What is the greatest common divisor of s and 51?
17
Let b(d) = -d**2 + 13*d - 20. Let y be b(16). Let v = y + -796. Let u be ((-2)/4)/(9/v). What is the greatest common divisor of 32 and u?
16
Let q(w) = -12*w - 62. Let j be q(-6). Suppose -2*i = -i + 39. Let l be i/(-4) - (-3)/12. Calculate the highest common factor of l and j.
10
Let u = -1 + 23. Suppose 0*x + 2*x - u = 0. Calculate the highest common factor of x and 22.
11
Suppose -4*j = 2*r + 62, -5*j - 11 = 3*r + 77. Let s be (-2)/9*6*r. Calculate the highest common factor of 12 and s.
4
Suppose -5*c + 127 = 42. Suppose a - 148 = b, -2*a = -7*a - b + 770. What is the highest common divisor of a and c?
17
Suppose o = -19 + 82. Let r = 155 - o. Calculate the highest common factor of 23 and r.
23
Let i(k) = -k**3 - k**2 + 16*k - 18. Let f be i(-11). Calculate the greatest common factor of f and 8.
8
Let y(h) = -h + 2. Let r be y(6). Let i be (35 - 4) + r/(-2) + -3. Calculate the greatest common factor of i and 3.
3
Let o(j) = 7*j + 23. Let l be o(13). Suppose -18 = 2*i - l. Suppose -2*c - 5*w = 8, 4*c = -4*w + 7 + 1. What is the highest common divisor of c and i?
6
Suppose -18 - 38 = -2*a. Suppose 216 + 232 = 2*f. What is the greatest common factor of f and a?
28
Suppose 16*l - 66 - 30 = 0. Calculate the greatest common factor of 32 and l.
2
Suppose -2*u + 210 = -a, 0 = 4*u + 27*a - 32*a - 426. Calculate the highest common factor of 12 and u.
4
Let w be (36/2 - -4)*(-87)/(-6). Calculate the highest common factor of w and 22.
11
Let g be (-17*2)/(76/(-1520)). What is the greatest common divisor of 20 and g?
20
Suppose 32 = 4*v - 5*w - 15, -57 = -4*v - 5*w. Let p = -36 + 88. What is the highest common divisor of v and p?
13
Suppose -13*x - 10*x + 13754 = 0. Calculate the highest common factor of 138 and x.
46
Let d = 895 + -511. Let b be ((-120)/35)/((-5)/70). Calculate the greatest common factor of b and d.
48
Suppose -28 = 32*b - 33*b. What is the highest common divisor of b and 140?
28
Suppose -2*h = -9 - 27. Let z be 318/(-27) + (-4)/h. Let p be 103/3 + z/(-18). Calculate the highest common factor of p and 5.
5
Suppose -5*t + t = -2*w, 4*t = -w + 6. Let r be -5*(-3 + t) + -2. What is the greatest common divisor of r and 2?
2
Let v be 2/6 + (-94)/(-6). Let j(r) = 6*r**2 + 44*r + 16. Let k be j(-7). What is the greatest common factor of v and k?
2
Suppose -324*d - 143451 = -351*d. Calculate the highest common factor of d and 77.
77
Let i = -1611 - -1788. What is the highest common factor of 472 and i?
59
Let o(d) = 9*d**2 + 7*d + 15. Let t be o(-6). Calculate the greatest common divisor of t and 33.
33
Let i(p) = -16*p**3 - 3*p**2 - 3*p - 1. Let g be i(-1). What is the greatest common factor of 135 and g?
15
Let v be (-9)/(189/(-1824)) + (-2)/(-14). Let g = -72 + v. Suppose 4*b = i + 535, 2*b - 6*b + 3*i = -525. What is the greatest common divisor of g and b?
15
Let l be 2/4 + 472/16 + -5. Calculate the greatest common factor of l and 5.
5
Suppose -1895 = -19*v + 1525. Calculate the highest common factor of 240 and v.
60
Suppose -2*d + 4*d - 5*n - 34 = 0, -4*n = 4*d - 40. Let s = 0 + 5. Suppose -s*b + 666 = -3*l, 4 = -4*l - 4. What is the highest common divisor of d and b?
12
Suppose -3754 + 1458 = -14*x. What is the greatest common divisor of